{"id":2006,"date":"2024-09-30T09:08:11","date_gmt":"2024-09-30T09:08:11","guid":{"rendered":"https:\/\/globalaidmissions.com\/?page_id=2006"},"modified":"2024-09-30T09:10:06","modified_gmt":"2024-09-30T09:10:06","slug":"localizacao-perfeita-salpo","status":"publish","type":"page","link":"https:\/\/globalaidmissions.com\/index.php\/localizacao-perfeita-salpo\/","title":{"rendered":"Localiza\u00e7\u00e3o Perfeita (salpo)"},"content":{"rendered":"\t\t<div data-elementor-type=\"wp-page\" data-elementor-id=\"2006\" class=\"elementor elementor-2006\">\n\t\t\t\t\t\t<section class=\"elementor-section elementor-top-section elementor-element elementor-element-a0e1be4 elementor-section-boxed elementor-section-height-default elementor-section-height-default wpr-particle-no wpr-jarallax-no wpr-parallax-no wpr-sticky-section-no wpr-equal-height-no\" data-id=\"a0e1be4\" data-element_type=\"section\" data-e-type=\"section\">\n\t\t\t\t\t\t<div class=\"elementor-container elementor-column-gap-default\">\n\t\t\t\t\t<div class=\"elementor-column elementor-col-100 elementor-top-column elementor-element elementor-element-2720992\" data-id=\"2720992\" data-element_type=\"column\" data-e-type=\"column\">\n\t\t\t<div class=\"elementor-widget-wrap elementor-element-populated\">\n\t\t\t\t\t\t<section class=\"elementor-section elementor-inner-section elementor-element elementor-element-fe9dd63 elementor-reverse-tablet elementor-reverse-mobile elementor-section-boxed elementor-section-height-default elementor-section-height-default wpr-particle-no wpr-jarallax-no wpr-parallax-no wpr-sticky-section-no wpr-equal-height-no\" data-id=\"fe9dd63\" data-element_type=\"section\" data-e-type=\"section\" data-settings=\"{&quot;background_background&quot;:&quot;classic&quot;}\">\n\t\t\t\t\t\t<div class=\"elementor-container elementor-column-gap-default\">\n\t\t\t\t\t<div class=\"elementor-column elementor-col-100 elementor-inner-column elementor-element elementor-element-7ffbe83\" data-id=\"7ffbe83\" data-element_type=\"column\" data-e-type=\"column\">\n\t\t\t<div class=\"elementor-widget-wrap elementor-element-populated\">\n\t\t\t\t\t\t<div class=\"elementor-element elementor-element-663809c elementor-widget elementor-widget-image\" data-id=\"663809c\" data-element_type=\"widget\" data-e-type=\"widget\" data-widget_type=\"image.default\">\n\t\t\t\t<div class=\"elementor-widget-container\">\n\t\t\t\t\t\t\t\t\t\t\t\t\t\t\t<img decoding=\"async\" src=\"https:\/\/globalaidmissions.com\/wp-content\/uploads\/2024\/09\/IMG_0331.jpg\" title=\"\" alt=\"\" loading=\"lazy\" \/>\t\t\t\t\t\t\t\t\t\t\t\t\t\t\t<\/div>\n\t\t\t\t<\/div>\n\t\t\t\t<div class=\"elementor-element elementor-element-48dd7ea elementor-widget elementor-widget-elementskit-heading\" data-id=\"48dd7ea\" data-element_type=\"widget\" data-e-type=\"widget\" data-widget_type=\"elementskit-heading.default\">\n\t\t\t\t<div class=\"elementor-widget-container\">\n\t\t\t\t\t<div class=\"ekit-wid-con\" ><div class=\"ekit-heading elementskit-section-title-wraper text_left   ekit_heading_tablet-   ekit_heading_mobile-\"><h3 class=\"elementskit-section-subtitle  elementskit-style-border\">\n\t\t\t\t\t\tLocaliza\u00e7\u00e3o Perfeita\n\t\t\t\t\t<\/h3><h2 class=\"ekit-heading--title elementskit-section-title \">Localiza\u00e7\u00e3o Perfeita<\/h2>\t\t\t\t<div class='ekit-heading__description'>\n\t\t\t\t\t<p>\u00a0O CEN Soalpo desfruta de uma localiza\u00e7\u00e3o estrat\u00e9gica, dista a 3 km do centro da cidade de Chimoio, junto \u00e0 N6, inserido no ambiente tranquilo de Textafrica Soalpo. Longe do bul\u00edcio da cidade, a nossa escola beneficia de um ambiente sereno que fomenta o foco na aprendizagem e o crescimento pessoal.<\/p>\n<p>A nossa localiza\u00e7\u00e3o \u00e9 pac\u00edfica e altamente acess\u00edvel, tornando-a conveniente para os alunos e fam\u00edlias da \u00e1rea. Estamos comprometidos em garantir que todos os alunos tenham op\u00e7\u00f5es de transporte seguras e eficientes, facilitadas pela nossa robusta frota de ve\u00edculos. Esta frota permite-nos fornecer servi\u00e7os de transporte confi\u00e1veis aos alunos de toda a \u00e1rea de cobertura, garantindo que cheguem \u00e0 escola e retornem a casa confortavelmente e a tempo. Este compromisso com o bem-estar e a conveni\u00eancia dos alunos contribui para um ambiente de aprendizagem positivo e de apoio no CEN Soalpo.<\/p>\n<p>No CEN Soalpo, a nossa localiza\u00e7\u00e3o serena e acess\u00edvel, juntamente com os servi\u00e7os de transporte confi\u00e1veis, contribuem para um ambiente de aprendizagem positivo e de apoio. Junte-se a n\u00f3s e experimente as vantagens de estudar num lugar que prioriza tanto a excel\u00eancia acad\u00e9mica quanto o bem-estar dos nossos alunos.<\/p>\n\t\t\t\t<\/div>\n\t\t\t<\/div><\/div>\t\t\t\t<\/div>\n\t\t\t\t<\/div>\n\t\t\t\t\t<\/div>\n\t\t<\/div>\n\t\t\t\t\t<\/div>\n\t\t<\/section>\n\t\t\t\t\t<\/div>\n\t\t<\/div>\n\t\t\t\t\t<\/div>\n\t\t<\/section>\n\t\t\t\t<\/div>\n\t\t","protected":false},"excerpt":{"rendered":"<p>Localiza\u00e7\u00e3o Perfeita Localiza\u00e7\u00e3o Perfeita \u00a0O CEN Soalpo desfruta de uma localiza\u00e7\u00e3o estrat\u00e9gica, dista a 3 km do centro da cidade de Chimoio, junto \u00e0 N6, inserido no ambiente tranquilo de Textafrica Soalpo. Longe do bul\u00edcio da cidade, a nossa escola beneficia de um ambiente sereno que fomenta o foco na aprendizagem e o crescimento pessoal. A nossa localiza\u00e7\u00e3o \u00e9 pac\u00edfica e altamente acess\u00edvel, tornando-a conveniente para os alunos e fam\u00edlias da \u00e1rea. Estamos comprometidos em garantir que todos os alunos tenham op\u00e7\u00f5es de transporte seguras e eficientes, facilitadas pela nossa robusta frota de ve\u00edculos. Esta frota permite-nos fornecer servi\u00e7os de transporte confi\u00e1veis aos alunos de toda a \u00e1rea de cobertura, garantindo que cheguem \u00e0 escola e retornem a casa confortavelmente e a tempo. Este compromisso com o bem-estar e a conveni\u00eancia dos alunos contribui para um ambiente de aprendizagem positivo e de apoio no CEN Soalpo. No CEN Soalpo, a nossa localiza\u00e7\u00e3o serena e acess\u00edvel, juntamente com os servi\u00e7os de transporte confi\u00e1veis, contribuem para um ambiente de aprendizagem positivo e de apoio. Junte-se a n\u00f3s e experimente as vantagens de estudar num lugar que prioriza tanto a excel\u00eancia acad\u00e9mica quanto o bem-estar dos nossos alunos.<\/p>\n","protected":false},"author":1,"featured_media":0,"parent":0,"menu_order":0,"comment_status":"closed","ping_status":"closed","template":"","meta":{"site-sidebar-layout":"no-sidebar","site-content-layout":"page-builder","ast-site-content-layout":"full-width-container","site-content-style":"default","site-sidebar-style":"default","ast-global-header-display":"","ast-banner-title-visibility":"","ast-main-header-display":"","ast-hfb-above-header-display":"","ast-hfb-below-header-display":"","ast-hfb-mobile-header-display":"","site-post-title":"disabled","ast-breadcrumbs-content":"","ast-featured-img":"disabled","footer-sml-layout":"","ast-disable-related-posts":"","theme-transparent-header-meta":"","adv-header-id-meta":"","stick-header-meta":"","header-above-stick-meta":"","header-main-stick-meta":"","header-below-stick-meta":"","astra-migrate-meta-layouts":"set","ast-page-background-enabled":"default","ast-page-background-meta":{"desktop":{"background-color":"var(--ast-global-color-4)","background-image":"","background-repeat":"repeat","background-position":"center center","background-size":"auto","background-attachment":"scroll","background-type":"","background-media":"","overlay-type":"","overlay-color":"","overlay-opacity":"","overlay-gradient":""},"tablet":{"background-color":"","background-image":"","background-repeat":"repeat","background-position":"center center","background-size":"auto","background-attachment":"scroll","background-type":"","background-media":"","overlay-type":"","overlay-color":"","overlay-opacity":"","overlay-gradient":""},"mobile":{"background-color":"","background-image":"","background-repeat":"repeat","background-position":"center center","background-size":"auto","background-attachment":"scroll","background-type":"","background-media":"","overlay-type":"","overlay-color":"","overlay-opacity":"","overlay-gradient":""}},"ast-content-background-meta":{"desktop":{"background-color":"var(--ast-global-color-5)","background-image":"","background-repeat":"repeat","background-position":"center center","background-size":"auto","background-attachment":"scroll","background-type":"","background-media":"","overlay-type":"","overlay-color":"","overlay-opacity":"","overlay-gradient":""},"tablet":{"background-color":"var(--ast-global-color-5)","background-image":"","background-repeat":"repeat","background-position":"center center","background-size":"auto","background-attachment":"scroll","background-type":"","background-media":"","overlay-type":"","overlay-color":"","overlay-opacity":"","overlay-gradient":""},"mobile":{"background-color":"var(--ast-global-color-5)","background-image":"","background-repeat":"repeat","background-position":"center center","background-size":"auto","background-attachment":"scroll","background-type":"","background-media":"","overlay-type":"","overlay-color":"","overlay-opacity":"","overlay-gradient":""}},"footnotes":""},"class_list":["post-2006","page","type-page","status-publish","hentry"],"_links":{"self":[{"href":"https:\/\/globalaidmissions.com\/index.php\/wp-json\/wp\/v2\/pages\/2006","targetHints":{"allow":["GET"]}}],"collection":[{"href":"https:\/\/globalaidmissions.com\/index.php\/wp-json\/wp\/v2\/pages"}],"about":[{"href":"https:\/\/globalaidmissions.com\/index.php\/wp-json\/wp\/v2\/types\/page"}],"author":[{"embeddable":true,"href":"https:\/\/globalaidmissions.com\/index.php\/wp-json\/wp\/v2\/users\/1"}],"replies":[{"embeddable":true,"href":"https:\/\/globalaidmissions.com\/index.php\/wp-json\/wp\/v2\/comments?post=2006"}],"version-history":[{"count":7,"href":"https:\/\/globalaidmissions.com\/index.php\/wp-json\/wp\/v2\/pages\/2006\/revisions"}],"predecessor-version":[{"id":2013,"href":"https:\/\/globalaidmissions.com\/index.php\/wp-json\/wp\/v2\/pages\/2006\/revisions\/2013"}],"wp:attachment":[{"href":"https:\/\/globalaidmissions.com\/index.php\/wp-json\/wp\/v2\/media?parent=2006"}],"curies":[{"name":"wp","href":"https:\/\/api.w.org\/{rel}","templated":true}]}}